{"id":4633,"date":"2024-07-26T11:10:14","date_gmt":"2024-07-26T09:10:14","guid":{"rendered":"https:\/\/bresil.diplomatie.gov.bf\/?page_id=4633"},"modified":"2024-08-28T17:07:00","modified_gmt":"2024-08-28T15:07:00","slug":"sinscrire","status":"publish","type":"page","link":"https:\/\/bresil.diplomatie.gov.bf\/index.php\/sinscrire\/","title":{"rendered":"S&rsquo;immatriculer"},"content":{"rendered":"\t\t<div data-elementor-type=\"wp-page\" data-elementor-id=\"4633\" class=\"elementor elementor-4633\" data-elementor-post-type=\"page\">\n\t\t\t\t<div data-particle_enable=\"false\" data-particle-mobile-disabled=\"false\" class=\"elementor-element elementor-element-f0869b1 e-flex e-con-boxed e-con e-parent\" data-id=\"f0869b1\" data-element_type=\"container\" data-e-type=\"container\">\n\t\t\t\t\t<div class=\"e-con-inner\">\n\t\t\t\t<div class=\"elementor-element elementor-element-5fe3f0a elementor-widget elementor-widget-text-editor\" data-id=\"5fe3f0a\" data-element_type=\"widget\" data-e-type=\"widget\" data-widget_type=\"text-editor.default\">\n\t\t\t\t<div class=\"elementor-widget-container\">\n\t\t\t\t\t\t\t\t\t<p>De la volont\u00e9 du Capitaine <strong>Ibrahim TRAORE<\/strong>, Chef de l&rsquo;Etat, et sous l&rsquo;impulsion de<strong> SEM Karamoko Jean Marie TRAORE<\/strong>, Ministre des Affaires Etrang\u00e8res, de la Coop\u00e9ration R\u00e9gionale et des Burkinab\u00e8 de l&rsquo;Ext\u00e9rieur, une plateforme permettant aux burkinab\u00e8 de l&rsquo;\u00e9tranger de pouvoir s&rsquo;immatriculer est en cours de d\u00e9veloppement.<\/p><p><strong>La dite plateforme sera disponible tr\u00e8s bient\u00f4t.\u00a0<\/strong><\/p><h4>Restez connecter&#8230;<\/h4>\t\t\t\t\t\t\t\t<\/div>\n\t\t\t\t<\/div>\n\t\t\t\t\t<\/div>\n\t\t\t\t<\/div>\n\t\t\t\t<\/div>\n\t\t","protected":false},"excerpt":{"rendered":"<p>De la volont\u00e9 du Capitaine Ibrahim TRAORE, Chef de l&rsquo;Etat, et sous l&rsquo;impulsion de SEM Karamoko Jean Marie TRAORE, Ministre des Affaires Etrang\u00e8res, de la Coop\u00e9ration R\u00e9gionale et des Burkinab\u00e8 de l&rsquo;Ext\u00e9rieur, une plateforme permettant aux burkinab\u00e8 de l&rsquo;\u00e9tranger de pouvoir s&rsquo;immatriculer est en cours de d\u00e9veloppement. La dite plateforme sera disponible tr\u00e8s bient\u00f4t.\u00a0 Restez [&hellip;]<\/p>\n","protected":false},"author":9,"featured_media":0,"parent":0,"menu_order":0,"comment_status":"closed","ping_status":"closed","template":"elementor_header_footer","meta":{"_acf_changed":false,"_monsterinsights_skip_tracking":false,"_monsterinsights_sitenote_active":false,"_monsterinsights_sitenote_note":"","_monsterinsights_sitenote_category":0,"footnotes":""},"class_list":["post-4633","page","type-page","status-publish","hentry"],"acf":[],"_links":{"self":[{"href":"https:\/\/bresil.diplomatie.gov.bf\/index.php\/wp-json\/wp\/v2\/pages\/4633","targetHints":{"allow":["GET"]}}],"collection":[{"href":"https:\/\/bresil.diplomatie.gov.bf\/index.php\/wp-json\/wp\/v2\/pages"}],"about":[{"href":"https:\/\/bresil.diplomatie.gov.bf\/index.php\/wp-json\/wp\/v2\/types\/page"}],"author":[{"embeddable":true,"href":"https:\/\/bresil.diplomatie.gov.bf\/index.php\/wp-json\/wp\/v2\/users\/9"}],"replies":[{"embeddable":true,"href":"https:\/\/bresil.diplomatie.gov.bf\/index.php\/wp-json\/wp\/v2\/comments?post=4633"}],"version-history":[{"count":5,"href":"https:\/\/bresil.diplomatie.gov.bf\/index.php\/wp-json\/wp\/v2\/pages\/4633\/revisions"}],"predecessor-version":[{"id":4659,"href":"https:\/\/bresil.diplomatie.gov.bf\/index.php\/wp-json\/wp\/v2\/pages\/4633\/revisions\/4659"}],"wp:attachment":[{"href":"https:\/\/bresil.diplomatie.gov.bf\/index.php\/wp-json\/wp\/v2\/media?parent=4633"}],"curies":[{"name":"wp","href":"https:\/\/api.w.org\/{rel}","templated":true}]}}